{"id":34,"date":"2021-02-03T15:27:16","date_gmt":"2021-02-03T14:27:16","guid":{"rendered":"http:\/\/lakomaki.fr\/jfg-chocolatier\/?page_id=34"},"modified":"2021-02-17T12:04:05","modified_gmt":"2021-02-17T11:04:05","slug":"lhistoire-du-chocolat","status":"publish","type":"page","link":"http:\/\/lakomaki.fr\/jfg-chocolatier\/lhistoire-du-chocolat\/","title":{"rendered":"L&rsquo;histoire du chocolat"},"content":{"rendered":"\n<div style=\"height:33px\" aria-hidden=\"true\" class=\"wp-block-spacer\"><\/div>\n\n\n\n<h2 class=\"rondrose wp-block-heading\"><span style=\"color:#c8347a\" class=\"has-inline-color\">L&rsquo;histoire<\/span> <span style=\"color:#4e4e4e\" class=\"has-inline-color\">du Chocolat<\/span><\/h2>\n\n\n\n<figure class=\"wp-block-image alignfull size-large mb-0\"><img loading=\"lazy\" decoding=\"async\" width=\"1024\" height=\"98\" src=\"http:\/\/lakomaki.fr\/jfg-chocolatier\/wp-content\/uploads\/2021\/02\/30@2x-1024x98.jpg\" alt=\"\" class=\"wp-image-206\" srcset=\"http:\/\/lakomaki.fr\/jfg-chocolatier\/wp-content\/uploads\/2021\/02\/30@2x-1024x98.jpg 1024w, http:\/\/lakomaki.fr\/jfg-chocolatier\/wp-content\/uploads\/2021\/02\/30@2x-300x29.jpg 300w, http:\/\/lakomaki.fr\/jfg-chocolatier\/wp-content\/uploads\/2021\/02\/30@2x-768x74.jpg 768w, http:\/\/lakomaki.fr\/jfg-chocolatier\/wp-content\/uploads\/2021\/02\/30@2x-1536x147.jpg 1536w, http:\/\/lakomaki.fr\/jfg-chocolatier\/wp-content\/uploads\/2021\/02\/30@2x-2048x196.jpg 2048w\" sizes=\"auto, (max-width: 1024px) 100vw, 1024px\" \/><\/figure>\n\n\n\n<div class=\"wp-block-group alignfull groupepointillegauche has-background\" style=\"background-color:#d9d9d9\"><div class=\"wp-block-group__inner-container is-layout-flow wp-block-group-is-layout-flow\">\n<div class=\"wp-block-cover aligncenter has-background-dim\" style=\"background-color:#d9d9d9\"><div class=\"wp-block-cover__inner-container is-layout-flow wp-block-cover-is-layout-flow\">\n<p class=\"has-text-align-center\" style=\"font-size:27px\"><span style=\"color:#4e4e4e\" class=\"has-inline-color\">Le chocolat fut d\u00e9couvert par les Espagnols en 1519 quand Hern\u00e1n Cort\u00e9s, d\u00e9barquant au Mexique, se vit offrir en cadeau de bienvenue la boisson locale pr\u00e9f\u00e9r\u00e9e&nbsp;: <\/span><br><span style=\"color:#4e4e4e\" class=\"has-inline-color\">le \u00ab\u00a0Tchocoatl.\u00a0\u00bb<\/span><\/p>\n\n\n\n<div class=\"wp-block-columns is-layout-flex wp-container-core-columns-is-layout-9d6595d7 wp-block-columns-is-layout-flex\">\n<div class=\"wp-block-column is-layout-flow wp-block-column-is-layout-flow\">\n<p class=\"has-text-align-right citations\" style=\"font-size:44px\"><span style=\"color:#c8347a\" class=\"has-inline-color\">\u00ab&nbsp;un produit noble&nbsp;\u00bb<\/span><\/p>\n\n\n\n<p class=\"citations\" style=\"font-size:44px\"><span style=\"color:#c8347a\" class=\"has-inline-color\">\u00ab&nbsp;passion obsessionnelle&nbsp;\u00bb<\/span><\/p>\n<\/div>\n\n\n\n<div class=\"wp-block-column is-layout-flow wp-block-column-is-layout-flow\" style=\"flex-basis:20%\">\n<figure class=\"wp-block-image alignwide size-large\"><img loading=\"lazy\" decoding=\"async\" width=\"117\" height=\"119\" src=\"http:\/\/lakomaki.fr\/jfg-chocolatier\/wp-content\/uploads\/2021\/02\/Groupe-8.png\" alt=\"monogramme-chocolatier\" class=\"wp-image-29\"\/><\/figure>\n<\/div>\n\n\n\n<div class=\"wp-block-column is-layout-flow wp-block-column-is-layout-flow\">\n<p class=\"has-text-align-left citations\" style=\"font-size:44px\"><span style=\"color:#c8347a\" class=\"has-inline-color\">\u00ab&nbsp;usage exclusif&nbsp;\u00bb<\/span><\/p>\n\n\n\n<p class=\"has-text-align-right citations\" style=\"font-size:44px\"><span style=\"color:#c8347a\" class=\"has-inline-color\">\u00ab&nbsp;qualit\u00e9s gustatives&nbsp;\u00bb<\/span><\/p>\n<\/div>\n<\/div>\n<\/div><\/div>\n<\/div><\/div>\n\n\n\n<div style=\"height:77px\" aria-hidden=\"true\" class=\"wp-block-spacer\"><\/div>\n\n\n\n<div class=\"wp-block-columns is-layout-flex wp-container-core-columns-is-layout-9d6595d7 wp-block-columns-is-layout-flex\">\n<div class=\"wp-block-column is-layout-flow wp-block-column-is-layout-flow\" style=\"flex-basis:100%\">\n<div class=\"wp-block-columns is-layout-flex wp-container-core-columns-is-layout-9d6595d7 wp-block-columns-is-layout-flex\">\n<div class=\"wp-block-column is-layout-flow wp-block-column-is-layout-flow\" style=\"flex-basis:50%\">\n<div class=\"wp-block-cover alignfull has-background-dim\" style=\"background-image:url(http:\/\/lakomaki.fr\/jfg-chocolatier\/wp-content\/uploads\/2021\/02\/bag-2608928_1920@2x-1024x638.jpg)\"><div class=\"wp-block-cover__inner-container is-layout-flow wp-block-cover-is-layout-flow\">\n<p class=\"has-text-align-center has-large-font-size\"><\/p>\n<\/div><\/div>\n<\/div>\n\n\n\n<div class=\"wp-block-column is-layout-flow wp-block-column-is-layout-flow\" style=\"flex-basis:50%\">\n<p class=\"has-drop-cap\"><span style=\"color:#c8347a\" class=\"has-inline-color\">L<\/span>e chocolat \u00e9tait consomm\u00e9 par les Azt\u00e8ques sous forme d&rsquo;un breuvage rituel piment\u00e9, \u00e9labor\u00e9 \u00e0 partir de p\u00e2te de cacao r\u00e2p\u00e9e, m\u00e9lang\u00e9e \u00e0 de l&rsquo;eau, parfum\u00e9e \u00e0 la vanille, agr\u00e9ment\u00e9e de diverses autres \u00e9pices et \u00e9paissie avec de la farine de ma\u00efs. Le cacao \u00e9tait d\u00e9j\u00e0 cultiv\u00e9 par les Olm\u00e8ques et les Mayas qui en utilisaient les f\u00e8ves comme monnaie d&rsquo;\u00e9change ainsi que pour le paiement de l&rsquo;imp\u00f4t&nbsp;! Les Espagnols eurent l&rsquo;id\u00e9e d&rsquo;incorporer du sucre de canne au cacao, dont ils d\u00e9velopp\u00e8rent rapidement la culture dans les r\u00e9gions tropicales d&rsquo;Am\u00e9rique Centrale et du Sud, et dans les Cara\u00efbes.<\/p>\n<\/div>\n<\/div>\n<\/div>\n<\/div>\n\n\n\n<p class=\"has-text-align-center citations has-text-color\" style=\"color:#c8347a;font-size:41px\">\u00ab&nbsp;Le chocolat devint peu \u00e0 peu une \u00ab&nbsp;passion obsessionnelle&nbsp;\u00bb<\/p>\n\n\n\n<div class=\"wp-block-cover alignfull has-background-dim\" style=\"background-color:#9c9b9b\"><div class=\"wp-block-cover__inner-container is-layout-flow wp-block-cover-is-layout-flow\">\n<div style=\"height:44px\" aria-hidden=\"true\" class=\"wp-block-spacer\"><\/div>\n\n\n\n<div class=\"wp-block-columns is-layout-flex wp-container-core-columns-is-layout-9d6595d7 wp-block-columns-is-layout-flex\">\n<div class=\"wp-block-column is-layout-flow wp-block-column-is-layout-flow\">\n<p class=\"has-drop-cap has-text-align-left has-white-color has-text-color has-background\" style=\"background-color:#c8347a\"><span class=\"has-inline-color has-white-color\">Ces premi\u00e8res f\u00e8ves de cacao furent ramen\u00e9es en Espagne d\u00e8s le retour d&rsquo;Hern\u00e1n Cort\u00e9s dans la P\u00e9ninsule en 1528, mais des arrivages r\u00e9guliers en provenance du Mexique ne commenc\u00e8rent \u00e0 \u00eatre d\u00e9barqu\u00e9s \u00e0 S\u00e9ville qu&rsquo;\u00e0 la fin du XVIe si\u00e8cle et ce ne fut v\u00e9ritablement qu&rsquo;au d\u00e9but du XVIIe si\u00e8cle que le chocolat devint peu \u00e0 peu une \u00ab&nbsp;passion obsessionnelle&nbsp;\u00bb de la vie quotidienne espagnole. <\/span><br><br><span class=\"has-inline-color has-white-color\">L&rsquo;Espagne garda jalousement le monopole de l&rsquo;importation du cacao en Europe et le secret de la fabrication du chocolat. Mais, d\u00e8s le milieu du XVIIe si\u00e8cle, les Hollandais, puis les Anglais et les Fran\u00e7ais se mirent aussi \u00e0 importer des f\u00e8ves de cacao.<\/span><\/p>\n<\/div>\n\n\n\n<div class=\"wp-block-column is-layout-flow wp-block-column-is-layout-flow\">\n<figure class=\"wp-block-image size-large\"><img loading=\"lazy\" decoding=\"async\" width=\"1024\" height=\"1024\" src=\"http:\/\/lakomaki.fr\/jfg-chocolatier\/wp-content\/uploads\/2021\/02\/cocoa-beans-499970_1920@2x-1024x1024.jpg\" alt=\"\" class=\"wp-image-224\" srcset=\"http:\/\/lakomaki.fr\/jfg-chocolatier\/wp-content\/uploads\/2021\/02\/cocoa-beans-499970_1920@2x-1024x1024.jpg 1024w, http:\/\/lakomaki.fr\/jfg-chocolatier\/wp-content\/uploads\/2021\/02\/cocoa-beans-499970_1920@2x-300x300.jpg 300w, http:\/\/lakomaki.fr\/jfg-chocolatier\/wp-content\/uploads\/2021\/02\/cocoa-beans-499970_1920@2x-150x150.jpg 150w, http:\/\/lakomaki.fr\/jfg-chocolatier\/wp-content\/uploads\/2021\/02\/cocoa-beans-499970_1920@2x-768x768.jpg 768w, http:\/\/lakomaki.fr\/jfg-chocolatier\/wp-content\/uploads\/2021\/02\/cocoa-beans-499970_1920@2x.jpg 1174w\" sizes=\"auto, (max-width: 1024px) 100vw, 1024px\" \/><\/figure>\n\n\n\n<div class=\"wp-block-image\"><figure class=\"aligncenter size-large\"><img loading=\"lazy\" decoding=\"async\" width=\"117\" height=\"119\" src=\"http:\/\/lakomaki.fr\/jfg-chocolatier\/wp-content\/uploads\/2021\/02\/Groupe-8.png\" alt=\"monogramme-chocolatier\" class=\"wp-image-29\"\/><\/figure><\/div>\n<\/div>\n<\/div>\n<\/div><\/div>\n\n\n\n<div style=\"height:20px\" aria-hidden=\"true\" class=\"wp-block-spacer\"><\/div>\n\n\n\n<p class=\"has-text-align-center citations\" style=\"font-size:44px\"><span style=\"color:#c8347a\" class=\"has-inline-color\">\u00ab&nbsp;Le chocolat fran\u00e7ais est rest\u00e9 un produit noble&nbsp;\u00bb<\/span><\/p>\n\n\n\n<h2 class=\"alignfull rondrose wp-block-heading\"><\/h2>\n\n\n\n<div class=\"wp-block-group alignfull groupepointilledroite\"><div class=\"wp-block-group__inner-container is-layout-flow wp-block-group-is-layout-flow\">\n<div class=\"wp-block-columns is-layout-flex wp-container-core-columns-is-layout-9d6595d7 wp-block-columns-is-layout-flex\">\n<div class=\"wp-block-column is-layout-flow wp-block-column-is-layout-flow\">\n<div style=\"height:72px\" aria-hidden=\"true\" class=\"wp-block-spacer\"><\/div>\n\n\n\n<figure class=\"wp-block-image alignfull size-large\"><img loading=\"lazy\" decoding=\"async\" width=\"795\" height=\"1024\" src=\"http:\/\/lakomaki.fr\/jfg-chocolatier\/wp-content\/uploads\/2021\/02\/2746322-795x1024.jpg\" alt=\"\" class=\"wp-image-227\" srcset=\"http:\/\/lakomaki.fr\/jfg-chocolatier\/wp-content\/uploads\/2021\/02\/2746322-795x1024.jpg 795w, http:\/\/lakomaki.fr\/jfg-chocolatier\/wp-content\/uploads\/2021\/02\/2746322-233x300.jpg 233w, http:\/\/lakomaki.fr\/jfg-chocolatier\/wp-content\/uploads\/2021\/02\/2746322-768x990.jpg 768w, http:\/\/lakomaki.fr\/jfg-chocolatier\/wp-content\/uploads\/2021\/02\/2746322-1192x1536.jpg 1192w, http:\/\/lakomaki.fr\/jfg-chocolatier\/wp-content\/uploads\/2021\/02\/2746322-1589x2048.jpg 1589w, http:\/\/lakomaki.fr\/jfg-chocolatier\/wp-content\/uploads\/2021\/02\/2746322-scaled.jpg 1987w\" sizes=\"auto, (max-width: 795px) 100vw, 795px\" \/><\/figure>\n<\/div>\n\n\n\n<div class=\"wp-block-column is-layout-flow wp-block-column-is-layout-flow\">\n<p class=\"has-drop-cap has-background\" style=\"background-color:#d9d9d9\"><span style=\"color:#c8347a\" class=\"has-inline-color\">S<\/span>elon toute vraisemblance, ce fut le mariage, c\u00e9l\u00e9br\u00e9 en 1615, de l&rsquo;infante Anne d&rsquo;Autriche, fille de Philippe III d&rsquo;Espagne, et de Louis XIII qui contribua \u00e0 l&rsquo;introduction du chocolat \u00e0 la Cour de France. Mais sa consommation ne commen\u00e7a vraiment \u00e0 se r\u00e9pandre qu&rsquo;apr\u00e8s le mariage de Marie-Th\u00e9r\u00e8se d&rsquo;Autriche et de Louis XIV, en 1660. Les premiers ateliers de traitement du cacao furent fond\u00e9s au cours du XVIIe si\u00e8cle \u00e0 Bayonne, ainsi que dans plusieurs villes du Sud-Ouest de la France, par des membres de la communaut\u00e9 juive marrane, chass\u00e9s d&rsquo;Espagne et du Portugal.<br><br>Populaire en Espagne, le cacao demeura tr\u00e8s longtemps en France \u00e0 l&rsquo;usage exclusif de la Cour et de l&rsquo;aristocratie. C&rsquo;est peut-\u00eatre la raison pour laquelle le chocolat fran\u00e7ais est rest\u00e9 un produit noble, \u00e0 grande teneur en cacao, ce qui en fait son prix mais aussi sa qualit\u00e9. <\/p>\n<\/div>\n<\/div>\n\n\n\n<p>Ce n&rsquo;est qu&rsquo;au d\u00e9but du XIXe si\u00e8cle, avec le d\u00e9veloppement des techniques de fabrication et, en particulier, la baisse du prix du sucre, que le chocolat put conna\u00eetre un grand d\u00e9veloppement industriel, ses qualit\u00e9s gustatives et ses vertus en faisant une friandise et une boisson tr\u00e8s appr\u00e9ci\u00e9es.<\/p>\n\n\n\n<p>C&rsquo;est \u00e9galement \u00e0 cette \u00e9poque que le cacaoyer fut introduit en Afrique par les Portugais et dans le Sud-Est Asiatique par les Hollandais.<\/p>\n\n\n\n<p>Par Nikita Harwitch<\/p>\n<\/div><\/div>\n","protected":false},"excerpt":{"rendered":"<p>L&rsquo;histoire du Chocolat Le chocolat \u00e9tait consomm\u00e9 par les Azt\u00e8ques sous forme d&rsquo;un breuvage rituel piment\u00e9, \u00e9labor\u00e9 \u00e0 partir de p\u00e2te de cacao r\u00e2p\u00e9e, m\u00e9lang\u00e9e \u00e0 de l&rsquo;eau, parfum\u00e9e \u00e0 la vanille, agr\u00e9ment\u00e9e de diverses autres \u00e9pices et \u00e9paissie avec de la farine de ma\u00efs. Le cacao \u00e9tait d\u00e9j\u00e0 cultiv\u00e9 par les Olm\u00e8ques et les &hellip;<\/p>\n<p class=\"read-more\"> <a class=\"\" href=\"http:\/\/lakomaki.fr\/jfg-chocolatier\/lhistoire-du-chocolat\/\"> <span class=\"screen-reader-text\">L&rsquo;histoire du chocolat<\/span> Lire la suite\u00a0\u00bb<\/a><\/p>\n","protected":false},"author":1,"featured_media":0,"parent":0,"menu_order":0,"comment_status":"closed","ping_status":"closed","template":"","meta":{"footnotes":""},"class_list":["post-34","page","type-page","status-publish","hentry"],"uagb_featured_image_src":{"full":false,"thumbnail":false,"medium":false,"medium_large":false,"large":false,"1536x1536":false,"2048x2048":false},"uagb_author_info":{"display_name":"jorisduprey","author_link":"http:\/\/lakomaki.fr\/jfg-chocolatier\/author\/jorisduprey\/"},"uagb_comment_info":0,"uagb_excerpt":"L&rsquo;histoire du Chocolat Le chocolat \u00e9tait consomm\u00e9 par les Azt\u00e8ques sous forme d&rsquo;un breuvage rituel piment\u00e9, \u00e9labor\u00e9 \u00e0 partir de p\u00e2te de cacao r\u00e2p\u00e9e, m\u00e9lang\u00e9e \u00e0 de l&rsquo;eau, parfum\u00e9e \u00e0 la vanille, agr\u00e9ment\u00e9e de diverses autres \u00e9pices et \u00e9paissie avec de la farine de ma\u00efs. Le cacao \u00e9tait d\u00e9j\u00e0 cultiv\u00e9 par les Olm\u00e8ques et les\u2026","_links":{"self":[{"href":"http:\/\/lakomaki.fr\/jfg-chocolatier\/wp-json\/wp\/v2\/pages\/34","targetHints":{"allow":["GET"]}}],"collection":[{"href":"http:\/\/lakomaki.fr\/jfg-chocolatier\/wp-json\/wp\/v2\/pages"}],"about":[{"href":"http:\/\/lakomaki.fr\/jfg-chocolatier\/wp-json\/wp\/v2\/types\/page"}],"author":[{"embeddable":true,"href":"http:\/\/lakomaki.fr\/jfg-chocolatier\/wp-json\/wp\/v2\/users\/1"}],"replies":[{"embeddable":true,"href":"http:\/\/lakomaki.fr\/jfg-chocolatier\/wp-json\/wp\/v2\/comments?post=34"}],"version-history":[{"count":41,"href":"http:\/\/lakomaki.fr\/jfg-chocolatier\/wp-json\/wp\/v2\/pages\/34\/revisions"}],"predecessor-version":[{"id":494,"href":"http:\/\/lakomaki.fr\/jfg-chocolatier\/wp-json\/wp\/v2\/pages\/34\/revisions\/494"}],"wp:attachment":[{"href":"http:\/\/lakomaki.fr\/jfg-chocolatier\/wp-json\/wp\/v2\/media?parent=34"}],"curies":[{"name":"wp","href":"https:\/\/api.w.org\/{rel}","templated":true}]}}